a, 4*k + 44 = -2*a - 30. Suppose 0*y - 660 = -5*y. Let u be 4/(-6) - (-1 - y/k). Determine p(u).
-5
Suppose 0 = -5*k - 3*y - 2 + 29, 0 = k + 3*y - 3. Let u be (-1 - 18/(-10))/(4/10). Let h(g) = -2*g - 5*g + g + 117 - 111 + g**u. Determine h(k).
6
Let r(m) be the second derivative of m**5/10 - m**4/12 + 7*m**3/6 - 15*m**2/2 + 11*m - 287. Determine r(3).
51
Suppose 0 = -4*q + 3 + 25. Let n(s) = 1 + 4*s + 4*s**3 + s**2 + 0*s**3 + 5*s - q*s. Let m be n(-1). Let h(t) = t + 7. What is h(m)?
3
Let z(h) = -3*h**2 - 2*h. Suppose -2*y - 2 = -2*u, -y = -5*y + u - 1. Suppose y = -10*l + 11*l - 98. Let g = 96 - l. Give z(g).
-8
Let y(o) = o**2 + 5*o + 5. Let a be ((-1)/4*-14)/(344/(-688)). Determine y(a).
19
Let w = 46 + -43. Let d be (w - (3 + -3)) + (3 - 38). Let b be (-6)/(-8) - 34*4/d. Let f(m) = -m**2 + 6*m + 1. Determine f(b).
6
Let i(g) = g**2 - 2*g + 2. Suppose 0 = -3*c + 11 + 4. Let s(q) = q**3 - 7*q**2 + 9*q + 3. Let r be s(c). Let b be 66/16 + -1*r/(-16). Calculate i(b).
10
Let h = 39 - 34. Suppose h*w - 2*f = -14 + 19, -7 = -3*w + 2*f. Let v(s) = -s**3 + 2*s**2 + s. What is v(w)?
2
Let k(g) = 6*g - 5. Let i(s) = 0*s - 93 - 7*s + 99. Let f(l) = -5*i(l) - 6*k(l). Let q(x) = -x + 2. Let b(c) = -4*f(c) - q(c). What is b(-2)?
-12
Suppose 2*i = -172 + 46. Let d = -61 - i. Let r(s) = 3*s + 10 + 465*s**3 + 7*s**2 - 5*s - 466*s**3 + s**d. Calculate r(8).
-6
Let h(j) = 7 + 2*j**2 + 11 + 14 + j - j**3 + 0*j**2 - j**2. Calculate h(0).
32
Let b(u) = -u**3 - 12*u**2 - 16. Suppose 48 = -3*s + 3*x, -3*s = 14*x - 18*x + 52. Give b(s).
-16
Let p(k) = 15*k + 17. Let c be p(-1). Let v(w) = 12*w**2 + 31*w**c - 42*w**2 - 8 - 8*w. Give v(6).
-20
Let b(j) = -j**3 - 6*j**2 - 2*j + 2. Let h be b(-6). Suppose -170 = 24*r - h*r. Let u(v) = -v - 19. What is u(r)?
-2
Let z(u) be the third derivative of 13*u**5/30 - u**4/12 - u**3/2 - 43*u**2 + 15. Determine z(-2).
105
Let d(i) = -2*i + 2. Let l(c) = c - 1. Let q(h) = -2*d(h) - 2*l(h). Let w(r) = -2*r - 17. Let f be w(-5). Calculate q(f).
-16
Let o(c) = c**3 + 6*c**2 - 2*c - 9. Suppose -186 = -4*i + 3*k, -6*k = -2*i - 2*k + 98. Suppose 3*x = 2*y + 129, y + i = -2*x - 9. Let a be 10/4*y/25. Give o(a).
3
Let j(q) be the third derivative of q**2 - 2/3*q**3 + 1/8*q**4 + 0 + 0*q - 1/60*q**5. Suppose 37*x + 9*x + 34 = 310. What is j(x)?
-22
Let h(a) = -2*a**2 - 20*a + 22. Let p be h(-11). Let v(t) = -46675*t**2 + 46675*t**2 - 3 - 3*t + 5*t**3 + p*t**3. What is v(-2)?
-37
Let t(z) = 2*z**3 + 41*z**2 + 33*z - 17. Let k(f) = 3*f**3 + 63*f**2 + 49*f - 25. Let u(w) = -5*k(w) + 8*t(w). Calculate u(-11).
22
Suppose 30 = -g + 32. Let r(s) = s**3 + 2*s**2 - 5*s + 5. Calculate r(g).
11
Let w(f) be the first derivative of -f**3/3 - f**2/2 + 2*f - 5. Let m(k) = -5*k - 3 + 10*k - 6*k + 25. Let p be m(19). What is w(p)?
-10
Let d(g) = g**2 + 21*g + 9. Let z = -2675 - -2654. Calculate d(z).
9
Suppose -2*y - 9 - 1 = 0. Let a(j) = -j**2 + 1. Let z(p) = 7*p**2 + 2*p - 13. Let u be (-1)/2*(-6)/((-6)/2). Let c(h) = u*z(h) - 6*a(h). Determine c(y).
-8
Let a(l) = 4*l - 20. Let h(b) = -83*b + 4061. Let m be h(49). What is a(m)?
-44
Let j(x) = 11*x**3 + 2*x**2 - 67*x + 18. Let r(v) = 5*v**3 - v**2 - 4*v - 1. Let h(o) = -j(o) + 2*r(o). Give h(-10).
-10
Let x(w) be the first derivative of -10*w**2 + 14146. Let m(k) be the second derivative of k**4/12 - k**3/3 + k**2/2 - k. Let n be m(2). Determine x(n).
-20
Let h(s) = -5*s**2 - 74 + 4*s**2 + 2*s + 38 + 40 - 5*s. Let b(q) = -q**3 + 5*q**2 - 4*q - 5. Let y be b(4). Calculate h(y).
-6
Let i(p) = -14*p + 46*p - 18*p - 16*p - 1. Calculate i(-11).
21
Let t be 33/(-11) + 7/1 + 1. Suppose 2*i = 8*i. Let q(u) = 12 + 3*u - 5 + i*u - 6*u. What is q(t)?
-8
Suppose 0 = -3*j + 2*j + 21. Let o = 16 - j. Let l be (-2 - 0)/(o + (-44)/(-8)). Let h(w) = -w**3 - 2*w**2 + 5*w - 2. Calculate h(l).
10
Let c(x) = x**3 - 2*x**2 - 13*x + 5. Suppose -119*l = -116*l + 3*h - 27, -4*h + 16 = 0. Calculate c(l).
15
Suppose -13*t - 60 = -8*t. Let u be (t/(-24))/((-1)/(-6)). Let g(d) = 29 - u*d - 12 + 4*d - 14 - d**2. Calculate g(0).
3
Suppose -5*u - 2*n - 9 = 0, 2*u + 2*n - 3 = u. Let g(y) = -y**2 - 3*y. Let o be g(u). Let m(t) = o - t + 1 - 3. Give m(0).
-2
Let j(f) be the first derivative of -f**4/4 - 2*f**3/3 + 5*f**2 + 14*f + 2573. What is j(-6)?
98
Let d(y) = -59*y**3 - 8*y**2 - 20*y + 9. Let t(c) = 42*c**3 + 5*c**2 + 13*c - 6. Let o(r) = 5*d(r) + 7*t(r). Calculate o(-4).
23
Let w(v) = -10*v + 30*v + 0 - 18*v + 2. Let c(f) = 6*f + 4. Let p(t) = -5*c(t) + 16*w(t). Determine p(-8).
-4
Let l(k) = k**3 - 2*k**2 - 3*k + 2. Suppose -210 = -164*m + 30*m + 58. Determine l(m).
-4
Let i(v) be the first derivative of 9*v**3 - 42*v**2 + 3*v - 4589. Give i(3).
-6
Suppose 3*r + 2*x - 22 + 117 = 0, 2*x - 169 = 5*r. Let u be (5 - 171/33) + (-6)/r. Let s(g) = g**2 + g - 4. Determine s(u).
-4
Let g be 1/3 - (3 + (-253)/(-3)). Let k = g + 132. Let x = -41 + k. Let p(i) = 2*i + 1. Calculate p(x).
9
Let y(s) = -4*s - 5*s**2 - 29 + 5*s**3 + 13 + 17 - 6*s**3. Calculate y(-3).
-5
Let h(m) = -9*m + 10. Let w(a) = -3 + 14*a - 20*a + 9*a. Let r(v) = 4*h(v) + 11*w(v). Determine r(-10).
37
Suppose -2*h = 5*j + 24 - 11, 2*h + 4*j + 8 = 0. Let a(x) = -5*x - 2*x + 12*x - h*x + 8*x**2 + x**2. Calculate a(1).
8
Suppose -9*o - 35 = -17. Let j(c) be the first derivative of -c**3/3 - 3*c**2/2 + 2*c + 29. Give j(o).
4
Let p(f) = -f**3 + 13*f**2 - 2*f + 34. Let q be 0/((-255)/17) + 13. Give p(q).
8
Let w(t) = -t**2 + 4*t + 6. Suppose -3*b = -7 - 2. Suppose b*p = -p + 12. Suppose 3*c = -z + 5*c + p, -29 = -5*z - 4*c. Calculate w(z).
1
Let j(w) = -w**2 + 5*w + 1. Let q be 5*9/(-60)*-4. Suppose 4*b + 6*a - 1 = q*a, 3*a + 35 = 5*b. Suppose -4*d - 4 = b*n, d + 4*n + 36 = 5*d. What is j(d)?
5
Let q be 1/(1 + (-18)/21). Let a(s) = 6*s + 226. Let j(x) = -5*x - 170. Let w(f) = 3*a(f) + 4*j(f). What is w(q)?
-16
Let r(q) = 58*q**2 + 20 - 15*q**2 - 17*q - 15*q**2 - 12*q**2 - 15*q**2. Determine r(16).
4
Let a(m) = -24*m + 22*m - 1 + m. Let s(t) = -3. Let g(p) = 2*a(p) + 2*s(p). Calculate g(0).
-8
Let c(j) = j**2 + 31*j + 234. Let n be c(-16). Let f(a) = 6*a + 39. What is f(n)?
3
Let j(z) = 7*z**2. Let i(p) = 41*p**2 + 12*p - 25. Let o(v) = i(v) - 6*j(v). Give o(10).
-5
Let n(l) = -9 + 3 + 4*l + l**2 + 0 + 1. Let p = 41 + -38. Suppose 0 = -8*x - 45 - p. Give n(x).
7
Let z = 2792 - 2803. Let u(k) = k**3 + 9*k**2 - 25*k - 22. Calculate u(z).
11
Suppose 78*z - 60*z = 0. Let a(y) be the second derivative of y**2 + 13*y - 1/3*y**3 + z. Calculate a(3).
-4
Let s(c) = -9 + 2 - 4*c**2 - 2*c + 19*c + 3*c**2. Let i(b) = b**2 - 192*b + 396. Let g be i(2). What is s(g)?
9
Let y(c) = -c**2 - 2*c + 10. Let r(o) = -o**2 - o + 11. Let x(p) = -2*r(p) + 3*y(p). Suppose -726*s - 317*s - 3940 = -255*s. Calculate x(s).
3
Let i be -4 + 9 + 8/12 + -5. Let s(v) be the first derivative of -25 - 1/4*v**4 - i*v**3 - 1/2*v**2 - 4*v. Give s(-3).
8
Let r(u) = -7*u**3 - 5*u**2 + 4*u + 9. Let y(t) = 2*t**3 - t**2 + t - 1. Let g(a) = -r(a) - 4*y(a). Calculate g(6).
55
Let f(b) = -4*b + 1. Let u(x) = x**2 - 14*x + 46. Let g be u(10). Suppose -g*y - 67 = -67. Give f(y).
1
Suppose 39*s = 33*s + 30. Let l(q) = -33 + 72 + 2*q - 2*q**3 + 2*q + 0*q**3 + 9*q**2 - 32. What is l(s)?
2
Suppose 3*a + 1 = 2*o, 4*o + 5*a + 63 = 10. Let g(f) = 4 - 3*f + 3*f - 2*f. Determine g(o).
18
Let l be 1 + (7 + -1)*(-3 - -2). Let q(m) be the second derivative of -m**5/20 - m**4/4 + 7*m**3/6 + m**2 + 6*m. Calculate q(l).
17
Let m(g) = -21*g**3 + 13*g**2 + 7*g + 27. Let i(u) = -18*u**3 + 10*u**2 + 6*u + 24. Let n(z) = 6*i(z) - 5*m(z). What is n(-3)?
42
Let o(f) be the first derivative of 2*f**3/3 - 21*f**2 - f - 351. What is o(21)?
-1
Let k be 2*9/(-30)*-5. Suppose 0 = -k*g + 6 - 0. Let j(c) = 5*c - 4*c + 0 - 1 + c**2 + 3394*c**3 - 3395*c**3. What is j(g)?
-3
Let u(z) = -z**3 - z**2 - 4*z + 10. Let j(m) = -m**3 + 14*m**2 - 47*m - 2. Let h be j(6). Determine u(h).
-86
Let q(g) = 0*g + 1 - 39 + 28*g - 2*g**2 - 58*g + 4. Calculate q(-12).
38
Suppose 5*v - 45 = -4*a, -5*a = -195*v + 192*v - 10. Let w(b) be the second derivative of -b**4 - 1/20*b**v - 45*b + 0 - 2*b**3 - 3/2*b**2. Determine w(-11).
8
Let j be 152/56 - 185/259. Let v(h) be the first derivative of 17 + 0*h + j*h**3 + 1/2*h**2. Give v(-2).
22
Let j(g) = g**2 - 16*g + 37. Let q(s) =